{"id":3592,"date":"2023-06-29T09:57:57","date_gmt":"2023-06-29T09:57:57","guid":{"rendered":"https:\/\/serenaclinic.com\/?page_id=3592"},"modified":"2025-10-20T14:38:17","modified_gmt":"2025-10-20T14:38:17","slug":"politica-de-privacidad","status":"publish","type":"page","link":"https:\/\/serenaclinic.com\/?page_id=3592","title":{"rendered":"Pol\u00edtica de Privacidad"},"content":{"rendered":"<p>[vc_row][vc_column][vc_column_text]<\/p>\n<h1>POL\u00cdTICA DE PROTECCI\u00d3N DE DATOS<\/h1>\n<p>Conforme al Reglamento General de Protecci\u00f3n de Datos, el Usuario que facilite datos de car\u00e1cter personal a trav\u00e9s de esta p\u00e1gina Web queda informado y consiente el tratamiento de dichos datos por parte de Dr. Serena Est\u00e9tica SLP, cuyos datos de contacto son los siguientes:<\/p>\n<ul>\n<li>CIF: B64459662<\/li>\n<li>Direcci\u00f3n postal: Mariano Cub\u00ed 128, Barcelona 08021 (Espa\u00f1a)<\/li>\n<li>Tel\u00e9fono: (+34) 93 418 17 25<\/li>\n<li>Correo electr\u00f3nico: <a href=\"mailto:rafael.serena@serenaclinic.com\">serena@serenaclinic.com<\/a><\/li>\n<li>N\u00famero de Colegiado: Barcelona 29766<\/li>\n<li>Inscrita en el Registro Mercantil de Barcelona, en el N\u00famero 396, TOMO 39337, folio 43, hoja B 3462 Inscripci\u00f3n 1\u00aa.<\/li>\n<\/ul>\n<p>Los datos ser\u00e1n tratados con finalidad de contactar con el remitente de la informaci\u00f3n para dar respuesta a su petici\u00f3n o consulta y hacer un seguimiento posterior.<\/p>\n<p>Los datos se tratar\u00e1n sobre la base de su consentimiento, no siendo obligatorio facilitarlos, en cuyo caso no se podr\u00e1n tratar para las finalidades indicadas. Los datos ser\u00e1n conservados hasta que quede resuelta su solicitud, consulta o comunicaci\u00f3n. Puede retirar el consentimiento para el tratamiento de sus datos en cualquier momento, si bien ello no afectar\u00e1 a la licitud de los tratamientos efectuados con anterioridad.<\/p>\n<p>Tiene derecho a solicitar el acceso a sus datos personales, su rectificaci\u00f3n o supresi\u00f3n, as\u00ed como, en los casos previstos en el Reglamento General de Protecci\u00f3n de Datos, a la limitaci\u00f3n de su tratamiento, a oponerse al mismo y a su portabilidad, mediante solicitud escrita y firmada en la que se contenga la siguiente informaci\u00f3n: nombre, apellidos, domicilio a efectos de notificaciones, fotocopia del DNI o Pasaporte, y petici\u00f3n en que se concreta la solicitud. El escrito deber\u00e1 remitirse a cualquier de las direcciones de contacto indicadas. Ante cualquier eventual violaci\u00f3n de sus derechos, puede presentar una reclamaci\u00f3n ante la Agencia Espa\u00f1ola de Protecci\u00f3n de Datos.<\/p>\n<p>Asimismo, Dr. Serena Est\u00e9tica SLP informa de que a trav\u00e9s de sus redes sociales se publicar\u00e1n eventos, concursos, actos, programas o cualquier otro tipo de informaci\u00f3n publicitaria sobre los productos y servicios que ofrece, aceptando el usuario ser destinatario de dicha informaci\u00f3n por el mero hecho de hacerse \u201camigo\u201d o seguidor\u201d de la empresa en las redes sociales. Si el Usuario no desea recibir esta informaci\u00f3n en sus perfiles de las redes sociales, deber\u00e1 dejar de seguir a la empresa en las mismas. En caso de que se hayan facilitado los datos personales de un tercero, es la exclusiva responsabilidad de quien lo haga haber obtenido previamente el consentimiento de esa persona para que sus datos sean tratados por nosotros, debiendo haberle informado previamente de todo lo previsto en el art\u00edculo 14 del Reglamento General de Protecci\u00f3n de Datos.<\/p>\n<p>El Usuario es responsable de que la informaci\u00f3n que proporcione a trav\u00e9s de esta Web sea cierta. A estos efectos, el Usuario responde de la veracidad de todos los datos que comunique y mantendr\u00e1 convenientemente actualizada la informaci\u00f3n facilitada, de tal forma que responda a su situaci\u00f3n real. El Usuario ser\u00e1 responsable de las informaciones falsas o inexactas que proporcione y de los perjuicios que ello cause a Dr. Serena Est\u00e9tica SLP o a terceros.<\/p>\n<p>Dr. Serena Est\u00e9tica SLP garantiza la seguridad y confidencialidad de los datos de car\u00e1cter personal que le sean facilitados. A tal fin, tiene implantadas las medidas de seguridad de \u00edndole t\u00e9cnica y organizativa que son necesarias para evitar su alteraci\u00f3n, p\u00e9rdida, tratamiento o acceso no autorizados.<\/p>\n<p>[\/vc_column_text][\/vc_column][\/vc_row]<\/p>\n","protected":false},"excerpt":{"rendered":"<p>[vc_row][vc_column][vc_column_text] POL\u00cdTICA DE PROTECCI\u00d3N DE DATOS Conforme al Reglamento General de Protecci\u00f3n de Datos, el Usuario que facilite datos de car\u00e1cter personal a trav\u00e9s de esta p\u00e1gina Web queda informado y consiente el tratamiento de dichos datos por parte de Dr. Serena Est\u00e9tica SLP, cuyos datos de contacto son los siguientes: CIF: B64459662 Direcci\u00f3n postal: Mariano Cub\u00ed 128, Barcelona 08021&hellip;<\/p>\n","protected":false},"author":990003,"featured_media":0,"parent":0,"menu_order":0,"comment_status":"closed","ping_status":"closed","template":"","meta":{"om_disable_all_campaigns":false,"_joinchat":[],"footnotes":""},"class_list":["post-3592","page","type-page","status-publish","hentry"],"_links":{"self":[{"href":"https:\/\/serenaclinic.com\/index.php?rest_route=\/wp\/v2\/pages\/3592","targetHints":{"allow":["GET"]}}],"collection":[{"href":"https:\/\/serenaclinic.com\/index.php?rest_route=\/wp\/v2\/pages"}],"about":[{"href":"https:\/\/serenaclinic.com\/index.php?rest_route=\/wp\/v2\/types\/page"}],"author":[{"embeddable":true,"href":"https:\/\/serenaclinic.com\/index.php?rest_route=\/wp\/v2\/users\/990003"}],"replies":[{"embeddable":true,"href":"https:\/\/serenaclinic.com\/index.php?rest_route=%2Fwp%2Fv2%2Fcomments&post=3592"}],"version-history":[{"count":3,"href":"https:\/\/serenaclinic.com\/index.php?rest_route=\/wp\/v2\/pages\/3592\/revisions"}],"predecessor-version":[{"id":3749,"href":"https:\/\/serenaclinic.com\/index.php?rest_route=\/wp\/v2\/pages\/3592\/revisions\/3749"}],"wp:attachment":[{"href":"https:\/\/serenaclinic.com\/index.php?rest_route=%2Fwp%2Fv2%2Fmedia&parent=3592"}],"curies":[{"name":"wp","href":"https:\/\/api.w.org\/{rel}","templated":true}]}}